950. Give c(-13).
8
Let g(z) = -3323*z**2 - 73116*z - 239. What is g(-22)?
-19
Let g(r) = 24*r**3 - 2*r**2 + 133*r + 858. Calculate g(-6).
-5196
Let t(l) = 2*l**2 - 255*l - 4419. Calculate t(142).
-301
Let f(j) = j**3 - 844*j**2 - 780*j - 771535. What is f(846)?
17
Let v(y) = -7446*y + 1124190. What is v(151)?
-156
Let q(g) = -g**3 + 15*g**2 - 57*g + 276. Calculate q(13).
-127
Let m(p) = -3*p**2 + 4107*p + 74908. Calculate m(-18).
10
Let p(x) = -39*x + 10924. Calculate p(279).
43
Let t(j) = 747*j - 29091. Calculate t(38).
-705
Let v(s) = -2*s**3 - 19*s**2 - 73*s - 162. Determine v(-9).
414
Let n(o) = -7*o**2 - 4380*o - 51607. Calculate n(-12).
-55
Let i(f) = -2433*f - 47763. Determine i(-20).
897
Let r(b) = 82*b**3 + 27*b**2 + 66*b. Determine r(-3).
-2169
Let h(c) = c**3 + 2*c**2 - 5*c - 69. Determine h(0).
-69
Let p(l) = 12*l**2 + 236*l + 380. Determine p(-16).
-324
Let m(i) = -9*i**2 + 48589*i - 97143. Determine m(2).
-1
Let o(a) = -4*a**3 - 1065*a**2 + 1876*a - 15. What is o(-268)?
-15
Let m(h) = 37*h**3 - 367*h**2 - 6*h + 18. What is m(4)?
-3510
Let t(b) = 6*b**2 - 18152*b + 162936. Give t(9).
54
Let f(k) = -3*k**2 + 165978*k - 20865597. Give f(126).
3
Let l(w) = -8382*w + 65769. What is l(8)?
-1287
Let o(t) = 13*t**3 - 1095*t**2 + 244*t + 667. Calculate o(84).
-5
Let g(r) = -8514*r - 93658. Calculate g(-11).
-4
Let j(r) = -r**3 - 445*r**2 + 483*r + 16497. Calculate j(-446).
-5
Let z(o) = 2*o**2 - 249*o - 5712. What is z(-25)?
1763
Let l(f) = 9659*f - 153899. Determine l(16).
645
Let w(g) = g**3 + 102*g**2 + 1382*g + 1160. Calculate w(-15).
5
Let q(o) = o**3 + 869*o**2 - 110967*o + 105. Calculate q(113).
-8
Let k(r) = r**2 + 7096*r + 5671399. Calculate k(-918).
-5
Let g(m) = 482*m - 51549. What is g(107)?
25
Let s(k) = 1618*k - 11419. Calculate s(7).
-93
Let v(f) = -4*f**3 + 135*f**2 + 819*f - 22541. What is v(35)?
-1
Let i(z) = -23*z**2 - 774*z - 1136. Calculate i(-32).
80
Let y(b) = -3*b**2 - 4576*b - 40953. Give y(-9).
-12
Let j(t) = 4*t**3 - 3167*t**2 - 3160*t + 9. Give j(-1).
-2
Let u(p) = 2*p**3 + 375*p**2 + 581*p + 4349. Give u(-186).
71
Let w(k) = k**3 - 8*k**2 - 1959*k + 7885. What is w(4)?
-15
Let f(n) = -n**2 - 147*n + 146024. Determine f(-463).
-284
Let p(a) = -3*a**2 + 50*a + 3262. Calculate p(48).
-1250
Let s(o) = 2981*o + 122298. Give s(-41).
77
Let r(h) = 327*h + 14739. Determine r(-45).
24
Let z(t) = 110*t**2 - 36074*t - 1932. Give z(328).
36
Let k(p) = -5*p**2 - 572*p + 9767. Give k(-130).
-373
Let j(g) = 5*g**2 - 255*g - 1105. Give j(55).
-5
Let g(o) = -606948*o - 606937. Give g(-1).
11
Let d(s) = -1127*s**2 + 27052*s - 164. Calculate d(24).
-68
Let d(h) = -72*h**2 + 106*h + 78. Determine d(0).
78
Let f(c) = 123*c - 17292. Give f(141).
51
Let c(r) = -118*r**3 - 18*r**2 - 233*r + 252. Give c(1).
-117
Let f(m) = -2*m**3 + 646*m**2 + 1154*m - 163935. Give f(324).
9
Let p(i) = 596*i + 1239. Determine p(-2).
47
Let r(n) = 846731*n + 846756. Give r(-1).
25
Let u(b) = 283*b - 36707. Give u(132).
649
Let v(g) = 2165*g + 216412. Give v(-100).
-88
Let o(y) = 44*y**2 - 32131*y + 64243. Give o(2).
157
Let y(a) = -a**3 + 12*a**2 + 1876*a - 25894. Calculate y(14).
-22
Let y(u) = -9488*u - 19236. Determine y(-2).
-260
Let n(t) = 5*t**2 + 9*t - 325. Give n(14).
781
Let h(c) = -177*c**2 + 16*c + 47. Determine h(-2).
-693
Let o(z) = -805*z + 5918. What is o(9)?
-1327
Let m(u) = -u**3 - 2*u**2 - 591*u - 26839. Calculate m(-24).
17
Let i(w) = -3543*w - 7085. Calculate i(-2).
1
Let i(s) = s**2 + 4*s - 625. Determine i(26).
155
Let d(p) = 17*p**2 - 90*p + 155. Determine d(2).
43
Let s(j) = 4790*j + 359252. Calculate s(-75).
2
Let m(p) = -p**2 + 1884*p + 55488. What is m(-29)?
11
Let f(n) = 2942*n - 20842. Determine f(7).
-248
Let n(s) = 5*s**3 + 3*s**2 - 395*s - 796. What is n(-2)?
-34
Let r(h) = -30*h**3 + 3120*h**2 - 17*h + 1775. Determine r(104).
7
Let x(z) = 3*z**2 - 164*z - 1031. Determine x(-7).
264
Let z(d) = d**3 + 284*d**2 - 3551*d + 52. Calculate z(12).
64
Let o(a) = -2*a**2 + 658*a + 1315. Calculate o(-2).
-9
Let o(m) = -393918*m + 3939172. What is o(10)?
-8
Let s(l) = -13*l**3 - 81*l**2 - 55*l - 207. What is s(-6)?
15
Let j(f) = 28594*f - 5175525. Calculate j(181).
-11
Let g(z) = -3004*z - 33040. Determine g(-11).
4
Let n(k) = 66*k**2 - 62*k + 78. Give n(9).
4866
Let r(t) = t**2 - 5370*t - 2062800. What is r(-360)?
0
Let x(s) = -s**3 - 79*s**2 + 65774*s + 1314. Calculate x(220).
-6
Let t(j) = -45*j - 204. Give t(-10).
246
Let h(c) = 2*c**2 + 465*c + 4953. What is h(-11)?
80
Let m(z) = 19*z**3 + 8*z**2 + 20*z + 13. What is m(-2)?
-147
Let f(g) = -3409*g - 1363607. Determine f(-400).
-7
Let d(u) = -28*u**2 - 697*u - 373. What is d(-24)?
227
Let z(l) = -99972*l + 799768. Give z(8).
-8
Let n(x) = -5*x**3 - 452*x**2 - 205*x - 2761. Calculate n(-90).
-511
Let a(m) = 10344*m + 64. Give a(0).
64
Let z(p) = -43*p**2 - 3860*p + 739. What is z(-90)?
-161
Let l(m) = 318924*m - 7335247. What is l(23)?
5
Let r(n) = n**3 + 61*n**2 - 265*n - 258. Calculate r(-65).
67
Let b(x) = 5*x**2 + 11*x + 82. Calculate b(-5).
152
Let r(l) = -12915*l - 1020344. Determine r(-79).
-59
Let w(o) = -o**3 + 37*o**2 - 330*o + 3434. Calculate w(30).
-166
Let h(c) = -3*c**2 - 550*c + 516. What is h(-185)?
-409
Let c(w) = 9721*w - 1866427. Calculate c(192).
5
Let a(t) = t**3 + t**2 + 3596*t - 18120. What is a(5)?
10
Let b(l) = l**3 - 103*l**2 - 1137*l + 629. What is b(113)?
-162
Let j(t) = t**2 - 338*t + 14628. Give j(287).
-9
Let h(a) = 10112940*a - 20225881. Calculate h(2).
-1
Let l(u) = 124*u + 16203. Determine l(-130).
83
Let d(o) = -2271*o - 4585. Determine d(-2).
-43
Let x(j) = -10*j**2 + 166*j + 395. Determine x(19).
-61
Let r(l) = -185*l - 45504. Give r(-246).
6
Let g(l) = 2*l**2 - 1623*l + 30079. Calculate g(19).
-36
Let y(s) = -19*s**2 - 313*s + 3068. Give y(-23).
216
Let o(t) = 498*t + 3472. Calculate o(-7).
-14
Let q(d) = -584*d + 135115. Determine q(231).
211
Let t(y) = -2*y**2 - 273*y - 4474. Determine t(-19).
-9
Let m(t) = t**2 - 380*t + 20718. Calculate m(63).
747
Let l(d) = 66110*d - 396703. Determine l(6).
-43
Let h(x) = 68*x**2 - 84*x - 1. Calculate h(5).
1279
Let k(t) = -t**2 + 676*t - 113293. What is k(320)?
627
Let i(j) = 832*j + 4148. Calculate i(-5).
-12
Let c(d) = 2596*d - 44328. Calculate c(17).
-196
Let y(x) = -1072*x - 12148. Give y(-12).
716
Let l(q) = 763331*q + 3816655. Determine l(-5).
0
Let k(f) = f**3 + 324*f**2 - 1310*f + 733. What is k(-328)?
77
Let p(t) = -39*t - 7646. Calculate p(-201).
193
Let u(g) = -13*g**3 - 8*g**2 - 870*g - 4331. Give u(-5).
1444
Let l(s) = 9105*s + 189921. Determine l(-21).
-1284
Let y(x) = -40*x**3 + 16161*x**2 - 404*x + 12. Calculate y(404).
12
Let f(t) = -623*t + 60611. Determine f(100).
-1689
Let x(z) = -z**3 + 9*z**2 + 263*z + 2. Give x(-12).
-130
Let r(g) = -148*g - 4697. Determine r(-32).
39
Let d(n) = -411*n**2 - 3292*n - 9868. Calculate d(-3).
-3691
Let c(q) = 1122*q - 3409. Give c(3).
-43
Let u(c) = -2*c**2 + 1645*c + 16536. Calculate u(-10).
-114
Let j(r) = -2064*r - 534499. What is j(-259)?
77
Let n(y) = 1186*y**2 + 117400*y - 1515. Determine n(-99).
-129
Let b(c) = 6799*c - 312746. What is b(46)?
8
Let x(b) = -27*b**3 + 3263*b**2 + 486*b - 242. Give x(121).
0
Let z(c) = -571990*c + 7435863. Calculate z(13).
-7
Let n(k) = 6*k**2 + 110234*k + 1982270. Calculate n(-18).
2
Let i(q) = -q**3 + 38*q**2 - 33494*q + 1237977. Calculate i(37).
68
Let u(c) = -1146*c + 4734. Determine u(4).
150
Let n(a) = 4*a**2 - 246*a + 1413. Determine n(6).
81
Let t(a) = -a**3 + 499*a**2 + 3885*a + 86727. Calculate t(507).
30
Let u(c) = -173*c**3 + 5*c**2 + 134*c - 282. Give u(2).
-1378
Let v(g) = 5*g**3 - 815*g**2 + 810*g - 34. Calculate v(162).
-34
Let b(r) = -11222*r + 201946. Give b(18).
-50
Let f(h) = 62249*h + 373489. Determine f(-6).
-5
Let r(u) = 4791*u - 852776. Determine r(178).
22
Let x(j) = 6*j**3 - 59*j**2 + 63*j - 92. Calculate x(9).
70
Let t(s) = -5*s**3 - 518*s**2 + 209*s + 136. What is t(-104)?
32
Let w(j) = 136688*j + 3143836. Give w(-23).
12
Let j(n) = n**2 - 1140*n + 95474. Give j(91).
15
Let o(j) = 24*j**2 + 563*j + 2817. Calculate o(-5).
602
Let o(s) = -2*s**3 + 156*s**2 + 222*s - 3921. Determine o(79).
1135
Let s(y) = y**3 + 102*y**2 - 1061*y + 402. Give s(9).
-156
Let r(s) = 136802*s - 683838. 